False
Does 90 divide 1656?
False
Does 20 divide 869?
False
Is 6568 a multiple of 52?
False
Does 22 divide 814?
True
Is 10110 a multiple of 5?
True
Is 225 a multiple of 14?
False
Is 877 a multiple of 50?
False
Does 85 divide 20995?
True
Is 13398 a multiple of 14?
True
Does 55 divide 973?
False
Is 18786 a multiple of 93?
True
Does 83 divide 415?
True
Does 42 divide 33306?
True
Is 7 a factor of 1641?
False
Is 78 a factor of 936?
True
Is 18 a factor of 8961?
False
Is 40 a factor of 637?
False
Does 267 divide 10143?
False
Is 97 a factor of 14938?
True
Is 4 a factor of 461?
False
Is 94 a factor of 2643?
False
Does 5 divide 17280?
True
Is 2 a factor of 81?
False
Does 20 divide 3280?
True
Is 19 a factor of 7647?
False
Is 292 a multiple of 20?
False
Is 48932 a multiple of 241?
False
Is 94 a factor of 2507?
False
Is 608 a multiple of 16?
True
Is 178 a multiple of 27?
False
Is 25 a factor of 906?
False
Is 5 a factor of 5750?
True
Does 21 divide 6741?
True
Does 410 divide 2117?
False
Is 68 a factor of 1532?
False
Is 5673 a multiple of 61?
True
Is 187 a multiple of 17?
True
Does 18 divide 7866?
True
Does 43 divide 1720?
True
Does 21 divide 3336?
False
Is 7 a factor of 1372?
True
Is 540 a multiple of 27?
True
Is 1417 a multiple of 5?
False
Is 59 a factor of 3463?
False
Is 1260 a multiple of 3?
True
Does 23 divide 1104?
True
Does 19 divide 627?
True
Does 13 divide 104?
True
Does 34 divide 4452?
False
Is 3258 a multiple of 24?
False
Is 355 a factor of 156388?
False
Is 15 a factor of 2085?
True
Is 1069 a multiple of 20?
False
Does 190 divide 10830?
True
Does 3 divide 3420?
True
Is 83 a factor of 332?
True
Is 539 a multiple of 14?
False
Is 831 even?
False
Does 41 divide 3152?
False
Is 22950 a multiple of 85?
True
Is 17 a factor of 455?
False
Does 2 divide 359?
False
Is 13888 a multiple of 217?
True
Is 13 a multiple of 11?
False
Is 21002 a multiple of 23?
False
Is 6 a factor of 6684?
True
Does 20 divide 4909?
False
Is 19887 a multiple of 12?
False
Is 17320 a multiple of 82?
False
Is 12672 a multiple of 9?
True
Is 994 a multiple of 7?
True
Does 57 divide 6441?
True
Is 22 a factor of 21502?
False
Is 8 a factor of 160?
True
Is 707 a multiple of 41?
False
Is 3363 a multiple of 2?
False
Does 53 divide 15675?
False
Does 33 divide 4620?
True
Is 33 a factor of 1023?
True
Is 111506 a multiple of 474?
False
Does 112 divide 1904?
True
Does 8 divide 168?
True
Is 249 a multiple of 3?
True
Is 553 a multiple of 33?
False
Does 10 divide 1771?
False
Is 44 a factor of 80177?
False
Is 11403 a multiple of 9?
True
Is 2544 a multiple of 106?
True
Is 142 a factor of 12229?
False
Is 11155 a multiple of 5?
True
Is 34 a factor of 6086?
True
Does 32 divide 672?
True
Is 8 a factor of 992?
True
Is 910 a multiple of 35?
True
Is 104 a factor of 16890?
False
Is 42 a factor of 1642?
False
Does 23 divide 249?
False
Is 73 a factor of 10366?
True
Is 576 a multiple of 18?
True
Does 115 divide 4674?
False
Is 3160 a multiple of 79?
True
Does 28 divide 13272?
True
Is 5 a factor of 3516?
False
Is 212 a multiple of 4?
True
Is 252 a multiple of 61?
False
Is 342 a multiple of 38?
True
Is 210 a multiple of 14?
True
Is 8 a factor of 3200?
True
Is 253 a multiple of 11?
True
Is 1218 a multiple of 14?
True
Is 99 a factor of 169232?
False
Is 4 a factor of 6032?
True
Is 25 a factor of 7395?
False
Does 118 divide 25724?
True
Does 101 divide 202?
True
Does 46 divide 3634?
True
Is 6 a factor of 173?
False
Is 646 a multiple of 30?
False
Is 145 a factor of 97585?
True
Is 64 a factor of 384?
True
Is 149 even?
False
Is 1727 a multiple of 28?
False
Is 5029 a multiple of 47?
True
Does 48 divide 7676?
False
Is 60 a factor of 2322?
False
Is 42 a factor of 3746?
False
Is 5052 a multiple of 10?
False
Is 34 a multiple of 17?
True
Is 29 a factor of 1421?
True
Is 10 a factor of 2004?
False
Is 117643 a multiple of 29?
False
Is 2400 a multiple of 40?
True
Is 3069 a multiple of 16?
False
Is 507 a multiple of 13?
True
Is 10 a factor of 2009?
False
Is 15 a factor of 2044?
False
Is 18 a factor of 643?
False
Is 42 a factor of 1324?
False
Is 2183 a multiple of 21?
False
Is 32 a factor of 1725?
False
Is 17 a factor of 3460?
False
Is 601 a multiple of 48?
False
Is 480 a multiple of 10?
True
Does 2 divide 89?
False
Does 53 divide 278?
False
Is 16 a factor of 51165?
False
Does 94 divide 6768?
True
Is 17147 a multiple of 120?
False
Is 7 a factor of 2198?
True
Is 74 a factor of 2133?
False
Is 72 a factor of 143?
False
Is 53 a factor of 2063?
False
Is 10 a factor of 35695?
False
Is 5 a factor of 1945?
True
Does 80 divide 52826?
False
Does 12 divide 5819?
False
Is 724 a multiple of 9?
False
Does 24 divide 47784?
True
Is 2262 a multiple of 87?
True
Does 19 divide 1976?
True
Is 225 a multiple of 3?
True
Does 3 divide 1215?
True
Does 14 divide 81578?
True
Is 16 a factor of 12528?
True
Is 7 a factor of 40424?
False
Is 1504 a multiple of 35?
False
Does 24 divide 2040?
True
Does 50 divide 14800?
True
Is 264 a multiple of 4?
True
Is 311 a multiple of 36?
False
Does 291 divide 18333?
True
Is 14 a factor of 140?
True
Is 73168 a multiple of 19?
False
Is 144 a factor of 82197?
False
Does 11 divide 6314?
True
Is 54 a factor of 3564?
True
Is 17848 a multiple of 205?
False
Is 10 a factor of 276?
False
Does 8 divide 320?
True
Does 8 divide 2116?
False
Is 398 a multiple of 4?
False
Does 31 divide 2139?
True
Is 95 a multiple of 35?
False
Is 3889 even?
False
Is 1983 a multiple of 3?
True
Is 11252 a multiple of 28?
False
Is 183 a factor of 40077?
True
Is 8046 a multiple of 19?
False
Is 2 a factor of 274?
True
Is 669 a multiple of 15?
False
Is 25 a factor of 1675?
True
Does 3 divide 1525?
False
Is 16 a factor of 35905?
False
Is 17 a factor of 1173?
True
Is 69131 a multiple of 204?
False
Is 85 a factor of 5695?
True
Does 13 divide 1197?
False
Is 9 a factor of 5368?
False
Does 13 divide 234?
True
Does 5 divide 920?
True
Does 7 divide 3663?
False
Is 180 a multiple of 5?
True
Is 119 a factor of 4555?
False
Does 61 divide 132984?
False
Is 19 a factor of 1269?
False
Is 4569 a multiple of 4?
False
Is 59232 a multiple of 222?
False
Is 23 a factor of 383?
False
Is 6639 a multiple of 142?
False
Is 1035 a multiple of 36?
False
Is 10733 a multiple of 13?
False
Is 17316 a multiple of 26?
True
Does 62 divide 1467?
False
Is 9 a factor of 2727?
True
Is 460 a multiple of 5?
True
Is 4 a factor of 450?
False
Is 592 a multiple of 34?
False
Is 9 a factor of 14599?
False
Does 70 divide 770?
True
Is 6840 a multiple of 57?
True
Is 32 a factor of 32?
True
Is 1115 a multiple of 20?
False
Does 108 divide 3877?
False
Is 1056 a multiple of 51?
False
Does 79 divide 2464?
False
Is 56 a factor of 19274?
False
Does 11 divide 710?
False
Is 9 a factor of 621?
True
Does 24 divide 216?
True
Does 38 divide 23949?
False
Is 398 a multiple of 36?
False
Is 20 a factor of 463?
False
Does 39 divide 858?
True
Is 1305 a multiple of 45?
True
Is 74 a factor of 2229?
False
Is 1088 a multiple of 14?
False
Is 921 a multiple of 6?
False
Is 905 a multiple of 3?
False
Does 10 divide 27484?
False
Does 14 divide 2853?
False
Is 28782 a multiple of 41?
True
Is 3 a factor of 4?
False
Does 16 divide 834?
False
Is 31655 a multiple of 5?
True
Is 8867 a multiple of 75?
False
Is 31 a factor of 697?
False
Is 7191 a multiple of 17?
True
Does 35 divide 175?
True
Does 47 divide 329?
True
Is 29 a factor of 409?
False
Does 18 divide 695?
False
Is 26 a factor of 650?
True
Is 4711 a multiple of 169?
False
Is 8 a factor of 948?
False
Is 4331 a multiple of 24?
False
Does 11 divide 1177?
True
Is 11 a factor of 5691?
False
Does 153 divide 19125?
True
Is 28285 a multiple of 11?
False
Is 9019 a multiple of 144?
False
Does 11 divide 9804?
False
Is 50 a factor of 2600?
True
Is 381 a multiple of 12?
False
Is 57 a multiple of 19?
True
Is 60 a factor of 8280?
True
Is 24 a factor of 1104?
True
Is 26160 a multiple of 24?
True
Is 160 a multiple of 32?
True
Is 75 a factor of 936?
False
Is 624 a multiple of 3?
True
Is 2 a factor of 17?
False
Does 88 divide 58281?
False
Is 278 a factor of 71816?
False
Is 6354 a multiple of 18?
True
Is 31 a factor of 682?
True
Does 5 divide 983?
False
Is 9 a factor of 1744?
False
Does 36 divide 1944?
True
Is 15500 a multiple of 100?
True
Does 12 divide 444?
True
Is 1406 a multiple of 38?
True
Is 3582 a multiple o